{"id":48,"date":"2015-06-09T19:44:54","date_gmt":"2015-06-09T19:44:54","guid":{"rendered":"http:\/\/iguala3.org\/?page_id=48"},"modified":"2024-08-27T11:36:58","modified_gmt":"2024-08-27T10:36:58","slug":"neuropsicologia","status":"publish","type":"page","link":"https:\/\/iguala3.org\/index.php\/neuropsicologia\/","title":{"rendered":"Neurorrehabilitaci\u00f3n"},"content":{"rendered":"<p>La vertiente m\u00e1s sanitaria de la Entidad busca potenciar la autonom\u00eda personal y la calidad de vida de las personas con da\u00f1o cerebral. Para ello, contamos con profesionales de <strong>la neuropsicolog\u00eda, fisioterapia, logopedia y terapia ocupacional<\/strong>. Sus intervenciones son esenciales en la fase subaguda de la patolog\u00eda, cuando la plasticidad neurol\u00f3gica permite a la persona recuperar funcionalidad.<\/p>\n","protected":false},"excerpt":{"rendered":"<p>La vertiente m\u00e1s sanitaria de la Entidad busca potenciar la autonom\u00eda personal y la calidad de vida de las personas con da\u00f1o cerebral. Para ello, contamos con profesionales de la neuropsicolog\u00eda, fisioterapia, logopedia y terapia ocupacional. Sus intervenciones son esenciales en la fase subaguda de la patolog\u00eda, cuando la plasticidad neurol\u00f3gica permite a la persona [&hellip;]<\/p>\n","protected":false},"author":1,"featured_media":154,"parent":0,"menu_order":0,"comment_status":"open","ping_status":"open","template":"","meta":{"_bbp_topic_count":0,"_bbp_reply_count":0,"_bbp_total_topic_count":0,"_bbp_total_reply_count":0,"_bbp_voice_count":0,"_bbp_anonymous_reply_count":0,"_bbp_topic_count_hidden":0,"_bbp_reply_count_hidden":0,"_bbp_forum_subforum_count":0,"_monsterinsights_skip_tracking":false,"_monsterinsights_sitenote_active":false,"_monsterinsights_sitenote_note":"","_monsterinsights_sitenote_category":0,"footnotes":""},"class_list":["post-48","page","type-page","status-publish","has-post-thumbnail","czr-hentry"],"yoast_head":"<!-- This site is optimized with the Yoast SEO plugin v27.2 - https:\/\/yoast.com\/product\/yoast-seo-wordpress\/ -->\n<title>Neurorrehabilitaci\u00f3n - Iguala3<\/title>\n<meta name=\"robots\" content=\"index, follow, max-snippet:-1, max-image-preview:large, max-video-preview:-1\" \/>\n<link rel=\"canonical\" href=\"https:\/\/iguala3.org\/index.php\/neuropsicologia\/\" \/>\n<meta property=\"og:locale\" content=\"es_ES\" \/>\n<meta property=\"og:type\" content=\"article\" \/>\n<meta property=\"og:title\" content=\"Neurorrehabilitaci\u00f3n - Iguala3\" \/>\n<meta property=\"og:description\" content=\"La vertiente m\u00e1s sanitaria de la Entidad busca potenciar la autonom\u00eda personal y la calidad de vida de las personas con da\u00f1o cerebral. Para ello, contamos con profesionales de la neuropsicolog\u00eda, fisioterapia, logopedia y terapia ocupacional. Sus intervenciones son esenciales en la fase subaguda de la patolog\u00eda, cuando la plasticidad neurol\u00f3gica permite a la persona [&hellip;]\" \/>\n<meta property=\"og:url\" content=\"https:\/\/iguala3.org\/index.php\/neuropsicologia\/\" \/>\n<meta property=\"og:site_name\" content=\"Iguala3\" \/>\n<meta property=\"article:publisher\" content=\"https:\/\/www.facebook.com\/pages\/Iguala3\/820765978014722\" \/>\n<meta property=\"article:modified_time\" content=\"2024-08-27T10:36:58+00:00\" \/>\n<meta property=\"og:image\" content=\"https:\/\/iguala3.org\/wp-content\/uploads\/2015\/06\/neuropsicologia.jpg\" \/>\n\t<meta property=\"og:image:width\" content=\"240\" \/>\n\t<meta property=\"og:image:height\" content=\"240\" \/>\n\t<meta property=\"og:image:type\" content=\"image\/jpeg\" \/>\n<meta name=\"twitter:card\" content=\"summary_large_image\" \/>\n<meta name=\"twitter:site\" content=\"@iguala3_\" \/>\n<script type=\"application\/ld+json\" class=\"yoast-schema-graph\">{\"@context\":\"https:\/\/schema.org\",\"@graph\":[{\"@type\":\"WebPage\",\"@id\":\"https:\/\/iguala3.org\/index.php\/neuropsicologia\/\",\"url\":\"https:\/\/iguala3.org\/index.php\/neuropsicologia\/\",\"name\":\"Neurorrehabilitaci\u00f3n - Iguala3\",\"isPartOf\":{\"@id\":\"https:\/\/iguala3.org\/#website\"},\"primaryImageOfPage\":{\"@id\":\"https:\/\/iguala3.org\/index.php\/neuropsicologia\/#primaryimage\"},\"image\":{\"@id\":\"https:\/\/iguala3.org\/index.php\/neuropsicologia\/#primaryimage\"},\"thumbnailUrl\":\"https:\/\/iguala3.org\/wp-content\/uploads\/2015\/06\/neuropsicologia.jpg\",\"datePublished\":\"2015-06-09T19:44:54+00:00\",\"dateModified\":\"2024-08-27T10:36:58+00:00\",\"breadcrumb\":{\"@id\":\"https:\/\/iguala3.org\/index.php\/neuropsicologia\/#breadcrumb\"},\"inLanguage\":\"es\",\"potentialAction\":[{\"@type\":\"ReadAction\",\"target\":[\"https:\/\/iguala3.org\/index.php\/neuropsicologia\/\"]}]},{\"@type\":\"ImageObject\",\"inLanguage\":\"es\",\"@id\":\"https:\/\/iguala3.org\/index.php\/neuropsicologia\/#primaryimage\",\"url\":\"https:\/\/iguala3.org\/wp-content\/uploads\/2015\/06\/neuropsicologia.jpg\",\"contentUrl\":\"https:\/\/iguala3.org\/wp-content\/uploads\/2015\/06\/neuropsicologia.jpg\",\"width\":240,\"height\":240},{\"@type\":\"BreadcrumbList\",\"@id\":\"https:\/\/iguala3.org\/index.php\/neuropsicologia\/#breadcrumb\",\"itemListElement\":[{\"@type\":\"ListItem\",\"position\":1,\"name\":\"Portada\",\"item\":\"https:\/\/iguala3.org\/\"},{\"@type\":\"ListItem\",\"position\":2,\"name\":\"Neurorrehabilitaci\u00f3n\"}]},{\"@type\":\"WebSite\",\"@id\":\"https:\/\/iguala3.org\/#website\",\"url\":\"https:\/\/iguala3.org\/\",\"name\":\"Iguala3\",\"description\":\"Asociaci\u00f3n de Familiares, Amigos y Personas con Da\u00f1o Cerebral de Castilla La Mancha\",\"publisher\":{\"@id\":\"https:\/\/iguala3.org\/#organization\"},\"potentialAction\":[{\"@type\":\"SearchAction\",\"target\":{\"@type\":\"EntryPoint\",\"urlTemplate\":\"https:\/\/iguala3.org\/?s={search_term_string}\"},\"query-input\":{\"@type\":\"PropertyValueSpecification\",\"valueRequired\":true,\"valueName\":\"search_term_string\"}}],\"inLanguage\":\"es\"},{\"@type\":\"Organization\",\"@id\":\"https:\/\/iguala3.org\/#organization\",\"name\":\"Asociaci\u00f3n de Familiares, Amigos y Personas con Da\u00f1o Cerebral de Castilla-La Mancha\",\"url\":\"https:\/\/iguala3.org\/\",\"logo\":{\"@type\":\"ImageObject\",\"inLanguage\":\"es\",\"@id\":\"https:\/\/iguala3.org\/#\/schema\/logo\/image\/\",\"url\":\"https:\/\/iguala3.org\/wp-content\/uploads\/2015\/06\/Logo-color-I3-e1433841997489.jpg\",\"contentUrl\":\"https:\/\/iguala3.org\/wp-content\/uploads\/2015\/06\/Logo-color-I3-e1433841997489.jpg\",\"width\":211,\"height\":87,\"caption\":\"Asociaci\u00f3n de Familiares, Amigos y Personas con Da\u00f1o Cerebral de Castilla-La Mancha\"},\"image\":{\"@id\":\"https:\/\/iguala3.org\/#\/schema\/logo\/image\/\"},\"sameAs\":[\"https:\/\/www.facebook.com\/pages\/Iguala3\/820765978014722\",\"https:\/\/x.com\/iguala3_\",\"https:\/\/www.instagram.com\/iguala_3\/\",\"https:\/\/www.youtube.com\/channel\/UCPO794h8wGRurN_87MYN99w\/videos\"]}]}<\/script>\n<!-- \/ Yoast SEO plugin. -->","yoast_head_json":{"title":"Neurorrehabilitaci\u00f3n - Iguala3","robots":{"index":"index","follow":"follow","max-snippet":"max-snippet:-1","max-image-preview":"max-image-preview:large","max-video-preview":"max-video-preview:-1"},"canonical":"https:\/\/iguala3.org\/index.php\/neuropsicologia\/","og_locale":"es_ES","og_type":"article","og_title":"Neurorrehabilitaci\u00f3n - Iguala3","og_description":"La vertiente m\u00e1s sanitaria de la Entidad busca potenciar la autonom\u00eda personal y la calidad de vida de las personas con da\u00f1o cerebral. Para ello, contamos con profesionales de la neuropsicolog\u00eda, fisioterapia, logopedia y terapia ocupacional. Sus intervenciones son esenciales en la fase subaguda de la patolog\u00eda, cuando la plasticidad neurol\u00f3gica permite a la persona [&hellip;]","og_url":"https:\/\/iguala3.org\/index.php\/neuropsicologia\/","og_site_name":"Iguala3","article_publisher":"https:\/\/www.facebook.com\/pages\/Iguala3\/820765978014722","article_modified_time":"2024-08-27T10:36:58+00:00","og_image":[{"width":240,"height":240,"url":"https:\/\/iguala3.org\/wp-content\/uploads\/2015\/06\/neuropsicologia.jpg","type":"image\/jpeg"}],"twitter_card":"summary_large_image","twitter_site":"@iguala3_","schema":{"@context":"https:\/\/schema.org","@graph":[{"@type":"WebPage","@id":"https:\/\/iguala3.org\/index.php\/neuropsicologia\/","url":"https:\/\/iguala3.org\/index.php\/neuropsicologia\/","name":"Neurorrehabilitaci\u00f3n - Iguala3","isPartOf":{"@id":"https:\/\/iguala3.org\/#website"},"primaryImageOfPage":{"@id":"https:\/\/iguala3.org\/index.php\/neuropsicologia\/#primaryimage"},"image":{"@id":"https:\/\/iguala3.org\/index.php\/neuropsicologia\/#primaryimage"},"thumbnailUrl":"https:\/\/iguala3.org\/wp-content\/uploads\/2015\/06\/neuropsicologia.jpg","datePublished":"2015-06-09T19:44:54+00:00","dateModified":"2024-08-27T10:36:58+00:00","breadcrumb":{"@id":"https:\/\/iguala3.org\/index.php\/neuropsicologia\/#breadcrumb"},"inLanguage":"es","potentialAction":[{"@type":"ReadAction","target":["https:\/\/iguala3.org\/index.php\/neuropsicologia\/"]}]},{"@type":"ImageObject","inLanguage":"es","@id":"https:\/\/iguala3.org\/index.php\/neuropsicologia\/#primaryimage","url":"https:\/\/iguala3.org\/wp-content\/uploads\/2015\/06\/neuropsicologia.jpg","contentUrl":"https:\/\/iguala3.org\/wp-content\/uploads\/2015\/06\/neuropsicologia.jpg","width":240,"height":240},{"@type":"BreadcrumbList","@id":"https:\/\/iguala3.org\/index.php\/neuropsicologia\/#breadcrumb","itemListElement":[{"@type":"ListItem","position":1,"name":"Portada","item":"https:\/\/iguala3.org\/"},{"@type":"ListItem","position":2,"name":"Neurorrehabilitaci\u00f3n"}]},{"@type":"WebSite","@id":"https:\/\/iguala3.org\/#website","url":"https:\/\/iguala3.org\/","name":"Iguala3","description":"Asociaci\u00f3n de Familiares, Amigos y Personas con Da\u00f1o Cerebral de Castilla La Mancha","publisher":{"@id":"https:\/\/iguala3.org\/#organization"},"potentialAction":[{"@type":"SearchAction","target":{"@type":"EntryPoint","urlTemplate":"https:\/\/iguala3.org\/?s={search_term_string}"},"query-input":{"@type":"PropertyValueSpecification","valueRequired":true,"valueName":"search_term_string"}}],"inLanguage":"es"},{"@type":"Organization","@id":"https:\/\/iguala3.org\/#organization","name":"Asociaci\u00f3n de Familiares, Amigos y Personas con Da\u00f1o Cerebral de Castilla-La Mancha","url":"https:\/\/iguala3.org\/","logo":{"@type":"ImageObject","inLanguage":"es","@id":"https:\/\/iguala3.org\/#\/schema\/logo\/image\/","url":"https:\/\/iguala3.org\/wp-content\/uploads\/2015\/06\/Logo-color-I3-e1433841997489.jpg","contentUrl":"https:\/\/iguala3.org\/wp-content\/uploads\/2015\/06\/Logo-color-I3-e1433841997489.jpg","width":211,"height":87,"caption":"Asociaci\u00f3n de Familiares, Amigos y Personas con Da\u00f1o Cerebral de Castilla-La Mancha"},"image":{"@id":"https:\/\/iguala3.org\/#\/schema\/logo\/image\/"},"sameAs":["https:\/\/www.facebook.com\/pages\/Iguala3\/820765978014722","https:\/\/x.com\/iguala3_","https:\/\/www.instagram.com\/iguala_3\/","https:\/\/www.youtube.com\/channel\/UCPO794h8wGRurN_87MYN99w\/videos"]}]}},"_links":{"self":[{"href":"https:\/\/iguala3.org\/index.php\/wp-json\/wp\/v2\/pages\/48","targetHints":{"allow":["GET"]}}],"collection":[{"href":"https:\/\/iguala3.org\/index.php\/wp-json\/wp\/v2\/pages"}],"about":[{"href":"https:\/\/iguala3.org\/index.php\/wp-json\/wp\/v2\/types\/page"}],"author":[{"embeddable":true,"href":"https:\/\/iguala3.org\/index.php\/wp-json\/wp\/v2\/users\/1"}],"replies":[{"embeddable":true,"href":"https:\/\/iguala3.org\/index.php\/wp-json\/wp\/v2\/comments?post=48"}],"version-history":[{"count":4,"href":"https:\/\/iguala3.org\/index.php\/wp-json\/wp\/v2\/pages\/48\/revisions"}],"predecessor-version":[{"id":2480,"href":"https:\/\/iguala3.org\/index.php\/wp-json\/wp\/v2\/pages\/48\/revisions\/2480"}],"wp:featuredmedia":[{"embeddable":true,"href":"https:\/\/iguala3.org\/index.php\/wp-json\/wp\/v2\/media\/154"}],"wp:attachment":[{"href":"https:\/\/iguala3.org\/index.php\/wp-json\/wp\/v2\/media?parent=48"}],"curies":[{"name":"wp","href":"https:\/\/api.w.org\/{rel}","templated":true}]}}