{"id":90,"date":"2015-08-27T12:27:49","date_gmt":"2015-08-27T11:27:49","guid":{"rendered":"http:\/\/iguala3.org\/?page_id=90"},"modified":"2024-08-27T11:16:53","modified_gmt":"2024-08-27T10:16:53","slug":"asociate","status":"publish","type":"page","link":"https:\/\/iguala3.org\/index.php\/asociate\/","title":{"rendered":"As\u00f3ciate"},"content":{"rendered":"<p><a href=\"http:\/\/iguala3.org\/wp-content\/uploads\/2015\/08\/Estimulaci\u00f3n-cognitiva.jpg\"><img loading=\"lazy\" decoding=\"async\" class=\" size-medium wp-image-99 alignleft\" src=\"http:\/\/iguala3.org\/wp-content\/uploads\/2015\/08\/Estimulaci\u00f3n-cognitiva-199x300.jpg\" alt=\"Asociate \" width=\"199\" height=\"300\" srcset=\"https:\/\/iguala3.org\/wp-content\/uploads\/2015\/08\/Estimulaci\u00f3n-cognitiva-199x300.jpg 199w, https:\/\/iguala3.org\/wp-content\/uploads\/2015\/08\/Estimulaci\u00f3n-cognitiva.jpg 664w\" sizes=\"auto, (max-width: 199px) 100vw, 199px\" \/><\/a>Desde Iguala3 perseguimos un fin: fomentar la autonom\u00eda e independencia de las personas con <strong>Da\u00f1o Cerebral<\/strong> en Castilla-La Mancha, potenciando su calidad de vida a trav\u00e9s del desarrollo de programas y actividades espec\u00edficos para cada una de ellas, as\u00ed como ser un punto de apoyo para las familias.<\/p>\n<p>Llevamos doce a\u00f1os trabajando en colaboraci\u00f3n con la Junta de Comunidades de Castilla-La Mancha este \u00e1mbito y consiguiendo unos resultados m\u00e1s que aceptables motivados por la metodolog\u00eda empleada: <strong>atenci\u00f3n a los usuarios en su entorno natural y aplicando programas espec\u00edficos a cada persona<\/strong>, todo ello amparado bajo la tutela de un equipo interdisciplinar de profesionales.<\/p>\n<p>Si quieres formar parte de este proyecto como usuario\/socio numerario, rellena la siguiente <strong><a href=\"http:\/\/iguala3.org\/wp-content\/uploads\/2024\/08\/1.-Ficha-socios-24.pdf\" target=\"_blank\" rel=\"noopener noreferrer\">SOLICITUD DE INSCRIPCI\u00d3N<\/a> <\/strong>y nos la remites a:<\/p>\n<ul>\n<li>correo electr\u00f3nico: iguala3@iguala3.org<\/li>\n<li>o a la direcci\u00f3n ordinaria: P.\u00ba R\u00edo Guadiela, 25, 45007 Toledo<\/li>\n<\/ul>\n<p>Tambi\u00e9n puedes colaborar a trav\u00e9s de donaciones puntuales, para lo cual te facilitamos dos n\u00fameros de cuenta:<\/p>\n<ul>\n<li><strong>ES55 \/ 3081 \/ 0101 \/ 24 \/ 2685310415 &#8211; CAJA RURAL DE CLM<\/strong><\/li>\n<li><strong>ES82 \/ 2100 \/3876 \/ 91 \/ 0200396745 &#8211; LA CAIXA<\/strong><\/li>\n<\/ul>\n<p>\u00a1\u00danete a un proyecto social y solidario!<\/p>\n","protected":false},"excerpt":{"rendered":"<p>Desde Iguala3 perseguimos un fin: fomentar la autonom\u00eda e independencia de las personas con Da\u00f1o Cerebral en Castilla-La Mancha, potenciando su calidad de vida a trav\u00e9s del desarrollo de programas y actividades espec\u00edficos para cada una de ellas, as\u00ed como ser un punto de apoyo para las familias. Llevamos doce a\u00f1os trabajando en colaboraci\u00f3n con [&hellip;]<\/p>\n","protected":false},"author":1,"featured_media":0,"parent":0,"menu_order":0,"comment_status":"open","ping_status":"open","template":"","meta":{"_bbp_topic_count":0,"_bbp_reply_count":0,"_bbp_total_topic_count":0,"_bbp_total_reply_count":0,"_bbp_voice_count":0,"_bbp_anonymous_reply_count":0,"_bbp_topic_count_hidden":0,"_bbp_reply_count_hidden":0,"_bbp_forum_subforum_count":0,"_monsterinsights_skip_tracking":false,"_monsterinsights_sitenote_active":false,"_monsterinsights_sitenote_note":"","_monsterinsights_sitenote_category":0,"footnotes":""},"class_list":["post-90","page","type-page","status-publish","czr-hentry"],"yoast_head":"<!-- This site is optimized with the Yoast SEO plugin v27.2 - https:\/\/yoast.com\/product\/yoast-seo-wordpress\/ -->\n<title>As\u00f3ciate - Iguala3<\/title>\n<meta name=\"description\" content=\"El fin de Iguala3 es integrar en sus protocolos de actuaci\u00f3n al mayor n\u00famero de usuarios, para recibir una atenci\u00f3n innovadora y eficaz. Asociate y consigue\" \/>\n<meta name=\"robots\" content=\"index, follow, max-snippet:-1, max-image-preview:large, max-video-preview:-1\" \/>\n<link rel=\"canonical\" href=\"https:\/\/iguala3.org\/index.php\/asociate\/\" \/>\n<meta property=\"og:locale\" content=\"es_ES\" \/>\n<meta property=\"og:type\" content=\"article\" \/>\n<meta property=\"og:title\" content=\"As\u00f3ciate - Iguala3\" \/>\n<meta property=\"og:description\" content=\"El fin de Iguala3 es integrar en sus protocolos de actuaci\u00f3n al mayor n\u00famero de usuarios, para recibir una atenci\u00f3n innovadora y eficaz. Asociate y consigue\" \/>\n<meta property=\"og:url\" content=\"https:\/\/iguala3.org\/index.php\/asociate\/\" \/>\n<meta property=\"og:site_name\" content=\"Iguala3\" \/>\n<meta property=\"article:publisher\" content=\"https:\/\/www.facebook.com\/pages\/Iguala3\/820765978014722\" \/>\n<meta property=\"article:modified_time\" content=\"2024-08-27T10:16:53+00:00\" \/>\n<meta property=\"og:image\" content=\"https:\/\/iguala3.org\/wp-content\/uploads\/2015\/06\/Logo-color-I3-e1433841997489.jpg\" \/>\n\t<meta property=\"og:image:width\" content=\"211\" \/>\n\t<meta property=\"og:image:height\" content=\"87\" \/>\n\t<meta property=\"og:image:type\" content=\"image\/jpeg\" \/>\n<meta name=\"twitter:card\" content=\"summary_large_image\" \/>\n<meta name=\"twitter:site\" content=\"@iguala3_\" \/>\n<meta name=\"twitter:label1\" content=\"Tiempo de lectura\" \/>\n\t<meta name=\"twitter:data1\" content=\"1 minuto\" \/>\n<script type=\"application\/ld+json\" class=\"yoast-schema-graph\">{\"@context\":\"https:\/\/schema.org\",\"@graph\":[{\"@type\":\"WebPage\",\"@id\":\"https:\/\/iguala3.org\/index.php\/asociate\/\",\"url\":\"https:\/\/iguala3.org\/index.php\/asociate\/\",\"name\":\"As\u00f3ciate - Iguala3\",\"isPartOf\":{\"@id\":\"https:\/\/iguala3.org\/#website\"},\"datePublished\":\"2015-08-27T11:27:49+00:00\",\"dateModified\":\"2024-08-27T10:16:53+00:00\",\"description\":\"El fin de Iguala3 es integrar en sus protocolos de actuaci\u00f3n al mayor n\u00famero de usuarios, para recibir una atenci\u00f3n innovadora y eficaz. Asociate y consigue\",\"breadcrumb\":{\"@id\":\"https:\/\/iguala3.org\/index.php\/asociate\/#breadcrumb\"},\"inLanguage\":\"es\",\"potentialAction\":[{\"@type\":\"ReadAction\",\"target\":[\"https:\/\/iguala3.org\/index.php\/asociate\/\"]}]},{\"@type\":\"BreadcrumbList\",\"@id\":\"https:\/\/iguala3.org\/index.php\/asociate\/#breadcrumb\",\"itemListElement\":[{\"@type\":\"ListItem\",\"position\":1,\"name\":\"Portada\",\"item\":\"https:\/\/iguala3.org\/\"},{\"@type\":\"ListItem\",\"position\":2,\"name\":\"As\u00f3ciate\"}]},{\"@type\":\"WebSite\",\"@id\":\"https:\/\/iguala3.org\/#website\",\"url\":\"https:\/\/iguala3.org\/\",\"name\":\"Iguala3\",\"description\":\"Asociaci\u00f3n de Familiares, Amigos y Personas con Da\u00f1o Cerebral de Castilla La Mancha\",\"publisher\":{\"@id\":\"https:\/\/iguala3.org\/#organization\"},\"potentialAction\":[{\"@type\":\"SearchAction\",\"target\":{\"@type\":\"EntryPoint\",\"urlTemplate\":\"https:\/\/iguala3.org\/?s={search_term_string}\"},\"query-input\":{\"@type\":\"PropertyValueSpecification\",\"valueRequired\":true,\"valueName\":\"search_term_string\"}}],\"inLanguage\":\"es\"},{\"@type\":\"Organization\",\"@id\":\"https:\/\/iguala3.org\/#organization\",\"name\":\"Asociaci\u00f3n de Familiares, Amigos y Personas con Da\u00f1o Cerebral de Castilla-La Mancha\",\"url\":\"https:\/\/iguala3.org\/\",\"logo\":{\"@type\":\"ImageObject\",\"inLanguage\":\"es\",\"@id\":\"https:\/\/iguala3.org\/#\/schema\/logo\/image\/\",\"url\":\"https:\/\/iguala3.org\/wp-content\/uploads\/2015\/06\/Logo-color-I3-e1433841997489.jpg\",\"contentUrl\":\"https:\/\/iguala3.org\/wp-content\/uploads\/2015\/06\/Logo-color-I3-e1433841997489.jpg\",\"width\":211,\"height\":87,\"caption\":\"Asociaci\u00f3n de Familiares, Amigos y Personas con Da\u00f1o Cerebral de Castilla-La Mancha\"},\"image\":{\"@id\":\"https:\/\/iguala3.org\/#\/schema\/logo\/image\/\"},\"sameAs\":[\"https:\/\/www.facebook.com\/pages\/Iguala3\/820765978014722\",\"https:\/\/x.com\/iguala3_\",\"https:\/\/www.instagram.com\/iguala_3\/\",\"https:\/\/www.youtube.com\/channel\/UCPO794h8wGRurN_87MYN99w\/videos\"]}]}<\/script>\n<!-- \/ Yoast SEO plugin. -->","yoast_head_json":{"title":"As\u00f3ciate - Iguala3","description":"El fin de Iguala3 es integrar en sus protocolos de actuaci\u00f3n al mayor n\u00famero de usuarios, para recibir una atenci\u00f3n innovadora y eficaz. Asociate y consigue","robots":{"index":"index","follow":"follow","max-snippet":"max-snippet:-1","max-image-preview":"max-image-preview:large","max-video-preview":"max-video-preview:-1"},"canonical":"https:\/\/iguala3.org\/index.php\/asociate\/","og_locale":"es_ES","og_type":"article","og_title":"As\u00f3ciate - Iguala3","og_description":"El fin de Iguala3 es integrar en sus protocolos de actuaci\u00f3n al mayor n\u00famero de usuarios, para recibir una atenci\u00f3n innovadora y eficaz. Asociate y consigue","og_url":"https:\/\/iguala3.org\/index.php\/asociate\/","og_site_name":"Iguala3","article_publisher":"https:\/\/www.facebook.com\/pages\/Iguala3\/820765978014722","article_modified_time":"2024-08-27T10:16:53+00:00","og_image":[{"width":211,"height":87,"url":"https:\/\/iguala3.org\/wp-content\/uploads\/2015\/06\/Logo-color-I3-e1433841997489.jpg","type":"image\/jpeg"}],"twitter_card":"summary_large_image","twitter_site":"@iguala3_","twitter_misc":{"Tiempo de lectura":"1 minuto"},"schema":{"@context":"https:\/\/schema.org","@graph":[{"@type":"WebPage","@id":"https:\/\/iguala3.org\/index.php\/asociate\/","url":"https:\/\/iguala3.org\/index.php\/asociate\/","name":"As\u00f3ciate - Iguala3","isPartOf":{"@id":"https:\/\/iguala3.org\/#website"},"datePublished":"2015-08-27T11:27:49+00:00","dateModified":"2024-08-27T10:16:53+00:00","description":"El fin de Iguala3 es integrar en sus protocolos de actuaci\u00f3n al mayor n\u00famero de usuarios, para recibir una atenci\u00f3n innovadora y eficaz. Asociate y consigue","breadcrumb":{"@id":"https:\/\/iguala3.org\/index.php\/asociate\/#breadcrumb"},"inLanguage":"es","potentialAction":[{"@type":"ReadAction","target":["https:\/\/iguala3.org\/index.php\/asociate\/"]}]},{"@type":"BreadcrumbList","@id":"https:\/\/iguala3.org\/index.php\/asociate\/#breadcrumb","itemListElement":[{"@type":"ListItem","position":1,"name":"Portada","item":"https:\/\/iguala3.org\/"},{"@type":"ListItem","position":2,"name":"As\u00f3ciate"}]},{"@type":"WebSite","@id":"https:\/\/iguala3.org\/#website","url":"https:\/\/iguala3.org\/","name":"Iguala3","description":"Asociaci\u00f3n de Familiares, Amigos y Personas con Da\u00f1o Cerebral de Castilla La Mancha","publisher":{"@id":"https:\/\/iguala3.org\/#organization"},"potentialAction":[{"@type":"SearchAction","target":{"@type":"EntryPoint","urlTemplate":"https:\/\/iguala3.org\/?s={search_term_string}"},"query-input":{"@type":"PropertyValueSpecification","valueRequired":true,"valueName":"search_term_string"}}],"inLanguage":"es"},{"@type":"Organization","@id":"https:\/\/iguala3.org\/#organization","name":"Asociaci\u00f3n de Familiares, Amigos y Personas con Da\u00f1o Cerebral de Castilla-La Mancha","url":"https:\/\/iguala3.org\/","logo":{"@type":"ImageObject","inLanguage":"es","@id":"https:\/\/iguala3.org\/#\/schema\/logo\/image\/","url":"https:\/\/iguala3.org\/wp-content\/uploads\/2015\/06\/Logo-color-I3-e1433841997489.jpg","contentUrl":"https:\/\/iguala3.org\/wp-content\/uploads\/2015\/06\/Logo-color-I3-e1433841997489.jpg","width":211,"height":87,"caption":"Asociaci\u00f3n de Familiares, Amigos y Personas con Da\u00f1o Cerebral de Castilla-La Mancha"},"image":{"@id":"https:\/\/iguala3.org\/#\/schema\/logo\/image\/"},"sameAs":["https:\/\/www.facebook.com\/pages\/Iguala3\/820765978014722","https:\/\/x.com\/iguala3_","https:\/\/www.instagram.com\/iguala_3\/","https:\/\/www.youtube.com\/channel\/UCPO794h8wGRurN_87MYN99w\/videos"]}]}},"_links":{"self":[{"href":"https:\/\/iguala3.org\/index.php\/wp-json\/wp\/v2\/pages\/90","targetHints":{"allow":["GET"]}}],"collection":[{"href":"https:\/\/iguala3.org\/index.php\/wp-json\/wp\/v2\/pages"}],"about":[{"href":"https:\/\/iguala3.org\/index.php\/wp-json\/wp\/v2\/types\/page"}],"author":[{"embeddable":true,"href":"https:\/\/iguala3.org\/index.php\/wp-json\/wp\/v2\/users\/1"}],"replies":[{"embeddable":true,"href":"https:\/\/iguala3.org\/index.php\/wp-json\/wp\/v2\/comments?post=90"}],"version-history":[{"count":19,"href":"https:\/\/iguala3.org\/index.php\/wp-json\/wp\/v2\/pages\/90\/revisions"}],"predecessor-version":[{"id":2475,"href":"https:\/\/iguala3.org\/index.php\/wp-json\/wp\/v2\/pages\/90\/revisions\/2475"}],"wp:attachment":[{"href":"https:\/\/iguala3.org\/index.php\/wp-json\/wp\/v2\/media?parent=90"}],"curies":[{"name":"wp","href":"https:\/\/api.w.org\/{rel}","templated":true}]}}